Let o be 10 - (-18)/(-6) - 2/(-2). Let k be o*(((-18)/(-8) - 2) + 8). What is the highest common factor of 88 and k?
22
Let v be (16 - 26335/(-207)) + 4/(-18). Let a be ((-2)/6)/((-2)/(-12)). Let c be (-27)/(-2) - (-1)/a. What is the highest common factor of c and v?
13
Let z = 19516 + -18567. Calculate the greatest common factor of z and 39.
13
Suppose 3215*n = 3248*n + 172 - 17596. What is the greatest common factor of 60 and n?
12
Suppose 25 = -4*c - 4*x + 289, -c + 2*x + 60 = 0. Calculate the highest common factor of 456 and c.
8
Let c be (-784)/(-588)*(851 - -1). Calculate the greatest common factor of c and 781.
71
Let s(m) = -2*m**3 + 7*m**2 - 9*m + 26. Let n be s(3). Let t = -6 + 10. Suppose -t*i + 79 = -273. What is the highest common factor of i and n?
8
Suppose -1662*i - 391068 = -1716*i. Calculate the highest common factor of i and 284.
142
Let q = 2180 + -1668. What is the greatest common divisor of q and 1408?
128
Suppose h = 6 + 21. Let o be 5 + -5 + 2 + 2*17. Suppose 32*y + 36 = o*y. What is the highest common divisor of y and h?
9
Let t = -51 - -58. Let n be t - (-36*1)/(-6). What is the greatest common factor of 1 and n?
1
Suppose -10 = 6*o - 178. Suppose -3*s + 2*s = -o. Suppose 2*h - s = 18. Calculate the greatest common divisor of 23 and h.
23
Suppose 54*l = 15*l. Let x(z) = 4*z. Let i be x(-2). Let f be l/2 - (0 + i). Calculate the greatest common factor of 16 and f.
8
Suppose 61*h - 7540 - 3139 + 1529 = 0. Calculate the greatest common factor of 144 and h.
6
Let g be (-3)/9*(-481 - (-5 - 2)). What is the highest common divisor of g and 3002?
158
Let c(x) = 3*x + 7. Suppose -6*k + 9 = -3. Let l(b) = b + 5. Let y be l(k). Let s be c(y). What is the greatest common factor of 7 and s?
7
Let g(j) = 376*j - 24. Suppose 4 + 0 = -2*f, -5*l - 3*f - 1 = 0. Let u be g(l). Calculate the greatest common factor of 32 and u.
32
Suppose -2*f + 262 = -2*v, -270*f + 10*v + 334 = -268*f. Let a = -75 + 136. What is the greatest common divisor of f and a?
61
Let r be 48 + (5 - 5)/3. Let n = 210 - 90. What is the greatest common factor of r and n?
24
Suppose t = -5*w + 3*t + 5, 0 = 3*w + 3*t - 24. Suppose w*p - 2*p - 5 = 0. Let h be ((-12)/p)/(9/(-30)). What is the highest common factor of 24 and h?
8
Let m be 10/75 + (-1209)/(-45). Suppose -m*x + 16*x + 3080 = 0. What is the highest common factor of x and 40?
40
Suppose -4*o + 95 = o. Suppose -3*s - 18*t + 15*t + 54 = 0, 2*t = s - 18. Suppose p - 153 = s. Calculate the greatest common divisor of o and p.
19
Let t be 21/1*(-1)/(4 + -1). Let o be ((-40)/3)/(824/120 + t). Suppose 59 = h + i, -2*i + 281 = 3*h + o. What is the greatest common factor of h and 7?
7
Suppose d = -a + 12 + 14, d = -2*a + 59. What is the highest common factor of 231 and a?
33
Let l be 1405/(-562)*(28/(-1) - 2). What is the greatest common divisor of l and 1605?
15
Suppose -r - r = 0. Suppose -213 - 129 = -9*t. Suppose -3*m + 6*m - 63 = -n, r = 2*m + 2*n - t. Calculate the greatest common divisor of 33 and m.
11
Let g(t) = 3*t + 92. Let k be g(-28). Let l be ((-1564)/10)/(k/(-20)*1). Calculate the greatest common divisor of 17 and l.
17
Let h = -31 - -33. Suppose h*y - 47 = 15. Let p = -16 + y. Calculate the highest common divisor of 165 and p.
15
Let i = 61 - 6. Suppose -12 - 32 = -f. What is the greatest common divisor of f and i?
11
Let g be 3 - (8 - 3)*(-1066)/65. Calculate the greatest common factor of g and 1054.
17
Let l be 19 + 0*(-8)/64. Suppose 1452 = 6*b - 714. What is the greatest common factor of b and l?
19
Let i be (0/(-1) + 0)*1. Suppose i*l - 620 = -2*l. What is the greatest common factor of 10 and l?
10
Suppose -5*w + 9*w - 24 = 0, -63234 = -o + w. Calculate the highest common factor of o and 15.
15
Let f(o) = 3*o**3 + 9*o**2 + 13*o - 18. Let y be f(6). What is the highest common factor of 384 and y?
24
Let c be 1/(-4 + 207/51). Suppose -120 = -22*v + c*v. Calculate the highest common factor of v and 60.
12
Suppose 9*m + 288 = 33*m. Suppose -m*f = 3*f - 270. Calculate the highest common divisor of f and 117.
9
Let v = 833 + -818. What is the greatest common factor of 9645 and v?
15
Suppose 2*k - 3*g - 1354 = 0, -4*k - 217 = -2*g - 2909. Let u = 543 - 482. Calculate the greatest common divisor of k and u.
61
Let l = -695 - -701. Suppose -189 = l*h - 375. Calculate the highest common divisor of 62 and h.
31
Let k be -2 + 2/5 + 344/(-10). Let f be 2/6 + 159*(-4)/k. Calculate the highest common factor of 234 and f.
18
Let d be (-24)/(-36)*(-2640)/(-160). Let q = -5 + 3. Let z be (1 - (-3 - q))*11. Calculate the greatest common factor of z and d.
11
Let g be (-9 + 3)/(2/(-8)). Suppose -30*m + 35*m - 10 = 0. Suppose -m*x - 48 = -8*x. What is the greatest common divisor of g and x?
8
Let s = 7105 + 680. Let x be s/27 - (10/(-15))/(-2). What is the greatest common divisor of x and 480?
96
Let i(m) = 2*m**2 + 29*m - 36. Let f be i(-16). Let y be (-5 - 365/(-25))/(2/20). What is the greatest common divisor of y and f?
12
Let b = -40 + 47. Suppose 5*m = b*m - 6. Suppose 2*s + 11 = m*s. What is the greatest common factor of s and 121?
11
Suppose 2*c = -2*i + 18, -2*c - 51 - 1 = -5*i. Let t be 6*i/(-20)*1*-14. Calculate the highest common divisor of t and 24.
6
Let t be 11 + 196/(-16) - (879/(-4))/3. What is the highest common divisor of 45 and t?
9
Let i be (-2223)/(-26) - 6/4. Let x be (-7)/(-28)*(20 + 0). Suppose -5*s + 64 = p, -28 + 8 = -x*p. Calculate the greatest common factor of i and s.
12
Let a be ((1 - 1) + 1)/((-97)/1843). Let h be (1 - -1) + (3 - 12). Let n = h - a. Calculate the greatest common divisor of n and 3.
3
Suppose 438*f - 393*f = 10800. What is the greatest common factor of f and 130?
10
Let i(j) be the first derivative of j**3/3 + 17*j**2/2 + 6*j - 8. Let m be i(-18). Let r = m + -18. Calculate the highest common factor of 2 and r.
2
Let t be (-1 - 4/(-10)) + 684/15. Suppose -233 - 52 = -5*l + 4*d, -2*l + 96 = 2*d. Let m = l + -35. What is the greatest common divisor of t and m?
9
Let l = 23 - 16. Let c(n) = n**2 + 14*n. Let i be c(-16). Let d = 109 - i. What is the greatest common divisor of d and l?
7
Let m(o) = -598*o - 950. Let r be m(-2). What is the greatest common factor of r and 943?
41
Let i = 176 + -119. Suppose 0 = -5*q + 4*u + 163, 5*q = 9*u - 10*u + 178. Let r = i - q. Calculate the greatest common factor of 66 and r.
22
Suppose k - 237 = 50*p - 53*p, -4*p - k + 314 = 0. Calculate the highest common factor of 22 and p.
11
Let f be (240/140)/((-60)/42) - 16/(-5). What is the greatest common factor of 2702 and f?
2
Let w = 171 - 114. Let a = w - -151. What is the highest common factor of 26 and a?
26
Suppose -3*h = -2*r + 754, 4*r + 105*h - 1514 = 108*h. What is the greatest common factor of 140 and r?
20
Let h = 9242 + -9195. Suppose 4*d + 183 = 747. What is the greatest common divisor of h and d?
47
Let n = -76 + 78. Suppose -2*a + 3866 = r - 5*r, -n*a + 3865 = -3*r. Suppose a - 545 = 11*p. Calculate the highest common divisor of p and 18.
18
Suppose -1268*z + 1270*z + k = 8315, 5*k - 20785 = -5*z. Calculate the highest common divisor of z and 108.
54
Suppose 85*p = 7*p + 435 + 267. Suppose -2*x = 3*m - 36, -3*x + m - 64 = -8*x. What is the greatest common factor of p and x?
3
Suppose -3*i - 120 = 2*p, -2*p = -2*i + 125 - 15. Let s be 9/(81/(-6))*p. Let q = 81 - -14. What is the highest common divisor of s and q?
19
Let j be (0 - 114/5)/((1323/(-210))/21). Suppose 2*m + 3 + 3 = 0. Let y be j/12 + 1/m. What is the highest common divisor of y and 18?
6
Let t = 318 + -294. Suppose 10 = 2*c, 3*g + 3*c - 17 = 2*c. Suppose 2*m = g*m - 120. Calculate the highest common divisor of m and t.
12
Suppose -5*f = 5*p - 7452 - 6463, -p - 4*f + 2780 = 0. What is the greatest common divisor of 12 and p?
12
Suppose 4*f + 5*w = f + 1, -w = f - 1. Suppose 7*p = -f*x + 102, -3*p + p + 32 = 2*x. What is the greatest common divisor of p and 10?
2
Let w be -15 + 17 + 2 + 107. Let v = 179 - w. What is the greatest common divisor of 51 and v?
17
Suppose 935 = 5*j + 5*h - 10*h, -3*j = h - 569. Let a = 223 - j. Calculate the highest common factor of a and 51.
17
Let i = 8626 + -7606. Calculate the greatest common divisor of 75 and i.
15
Let s(m) = -m - 17. Let u be s(5). Let w be 8/(-44) - 708/u. Supp